hest common factor of 1323 and 1415043?
189
Calculate the greatest common factor of 984067 and 23275.
931
What is the highest common factor of 105 and 179889345?
15
Calculate the highest common factor of 6357 and 3432.
39
Calculate the highest common divisor of 625088 and 143168.
64
What is the highest common divisor of 4311686 and 658?
94
What is the highest common divisor of 280307 and 6023?
19
Calculate the highest common factor of 1494963920 and 232.
232
Calculate the greatest common factor of 2692485 and 1755.
45
Calculate the highest common factor of 103426521 and 5169.
5169
Calculate the highest common factor of 12342308 and 121.
11
Calculate the highest common factor of 40126489 and 26.
13
Calculate the highest common factor of 12458376 and 3696.
168
What is the highest common divisor of 196 and 1218352562?
98
Calculate the highest common factor of 25154337 and 5785.
1157
Calculate the highest common factor of 5933 and 7335418808.
5933
What is the highest common divisor of 2422576 and 457444?
988
Calculate the highest common divisor of 111507028 and 536.
268
Calculate the greatest common factor of 62848702 and 14.
14
What is the greatest common divisor of 1221 and 1705902?
33
Calculate the greatest common factor of 110410741 and 161.
161
What is the greatest common divisor of 7672651 and 2067?
53
What is the highest common divisor of 8244 and 120564?
36
What is the highest common divisor of 401223541 and 1459?
1459
Calculate the greatest common divisor of 901 and 1403430937.
901
What is the highest common divisor of 12 and 981850152?
12
Calculate the greatest common divisor of 31023 and 8205009.
1149
What is the greatest common factor of 12592512 and 1104?
48
Calculate the highest common divisor of 712 and 185042125.
89
What is the greatest common factor of 475704 and 216?
72
Calculate the highest common factor of 574873 and 936.
13
Calculate the highest common divisor of 758983 and 47664.
331
Calculate the highest common factor of 43594632 and 88.
8
What is the highest common divisor of 9 and 99046617?
3
Calculate the highest common divisor of 9282 and 11036400.
102
What is the highest common divisor of 38191 and 62667?
211
What is the highest common divisor of 110 and 1404007?
11
What is the greatest common factor of 2061000 and 26700?
300
Calculate the greatest common divisor of 20028924 and 204.
204
What is the highest common divisor of 40 and 66986110?
10
Calculate the highest common divisor of 804076960 and 38.
38
What is the greatest common divisor of 108 and 539037?
9
What is the greatest common factor of 1838897 and 33568?
1049
What is the greatest common divisor of 2450 and 4114334?
98
Calculate the greatest common factor of 774 and 5765913.
387
What is the greatest common divisor of 3471791 and 13991?
17
What is the highest common factor of 17508 and 18882?
6
What is the greatest common factor of 84035 and 21217?
49
Calculate the greatest common divisor of 35814225 and 30.
15
What is the greatest common divisor of 57471574 and 113?
113
Calculate the greatest common factor of 80407950 and 1575.
525
What is the greatest common factor of 81856 and 12352?
64
What is the greatest common factor of 5709 and 8877?
33
Calculate the highest common divisor of 11571 and 427728.
399
Calculate the greatest common divisor of 140 and 2652300.
140
What is the highest common factor of 64 and 432825616?
16
Calculate the highest common divisor of 8328024 and 166662.
846
Calculate the greatest common factor of 15645 and 9835.
35
What is the greatest common divisor of 222 and 1312692?
6
Calculate the highest common divisor of 3349401 and 363.
363
What is the highest common divisor of 68716 and 220394?
838
Calculate the greatest common factor of 7669922 and 26.
26
Calculate the greatest common divisor of 312 and 1359813.
39
Calculate the greatest common divisor of 12716181 and 26477.
2407
What is the greatest common divisor of 303489050 and 550?
50
What is the highest common divisor of 108 and 2359935?
27
What is the greatest common divisor of 579457440 and 13680?
13680
What is the highest common divisor of 1687 and 71940428?
1687
What is the greatest common factor of 14310 and 11554530?
1590
Calculate the highest common factor of 368448 and 480.
96
Calculate the highest common factor of 17494332 and 300.
12
Calculate the greatest common divisor of 243813603 and 33.
33
Calculate the highest common factor of 163899 and 6165.
9
What is the highest common divisor of 3218 and 288427731?
1609
What is the highest common factor of 3180192 and 4431?
633
What is the highest common factor of 4501 and 27033649?
643
Calculate the highest common factor of 5263642626 and 66.
66
What is the greatest common divisor of 2926684 and 6596?
388
What is the highest common divisor of 603873 and 5725?
229
Calculate the highest common divisor of 703258 and 4424.
158
Calculate the highest common divisor of 1128372 and 168.
84
Calculate the greatest common factor of 14732 and 233307001.
3683
Calculate the highest common factor of 3228 and 43135226.
538
What is the greatest common divisor of 55504 and 132920?
8
What is the greatest common divisor of 49817 and 4061?
31
Calculate the greatest common factor of 97252995 and 210.
105
What is the highest common divisor of 12470 and 7846298?
58
What is the highest common factor of 17500 and 186970?
70
Calculate the greatest common divisor of 330319735 and 28775.
5755
What is the greatest common divisor of 1537 and 275684005?
1537
What is the greatest common factor of 222484015 and 323?
323
Calculate the highest common divisor of 23920964 and 54972.
2036
What is the greatest common factor of 300846 and 246?
6
What is the greatest common divisor of 6177 and 392979?
87
What is the highest common factor of 10455620 and 1880?
940
Calculate the highest common divisor of 4 and 77723212.
4
Calculate the greatest common divisor of 1395 and 76030.
5
Calculate the highest common factor of 819705488 and 4091.
4091
Calculate the greatest common factor of 13181 and 15749681.
269
Calculate the greatest common factor of 5434387 and 4054.
2027
What is the highest common factor of 174699 and 64251?
531
What is the greatest common factor of 16171 and 1846687?
103
Calculate the highest common divisor of 13778952 and 912.
456
Calculate the greatest common factor of 89052 and 2286816.
492
What is the greatest common factor of 22890109 and 109?
109
Calculate the greatest common factor of 275430 and 4.
2
Calculate the greatest common factor of 73900 and 13833341.
739
Calculate the highest common divisor of 2671861 and 1403.
61
Calculate the highest common factor of 968303 and 4775708.
9401
Calculate the greatest common factor of 39508 and 4295084.
5644
Calculate the highest common factor of 3369 and 3599.
1
What is the highest common divisor of 86758 and 4158?
14
Calculate the highest common factor of 1173824964 and 8684.
8684
Calculate the highest common factor of 532 and 31453702.
266
Calculate the highest common factor of 378256420 and 72940.
10420
What is the highest common factor of 611 and 15628957?
47
What is the highest common divisor of 173604 and 12688188?
7548
Calculate the highest common factor of 36 and 69423462.
18
Calculate the greatest common factor of 44415 and 9096570.
945
Calculate the greatest common divisor of 24 and 11553232.
8
Calculate the greatest common divisor of 30690010 and 910.
130
Calculate the greatest common divisor of 80 and 18395900.
20
What is the highest common factor of 42 and 1006180?
14
Calculate the highest common divisor of 17458 and 3374875.
203
What is the highest common divisor of 75598188 and 1140?
228
Calculate the highest common divisor of 493611 and 5343.
411
What is the highest common factor of 271651709 and 14?
7
What is the greatest common divisor of 74 and 358194?
2
What is the highest common divisor of 223 and 1602701?
223
Calculate the highest common divisor of 4827845 and 55022.
671
Calculate the greatest common divisor of 65159 and 28106193.
2833
What is the greatest common factor of 7356 and 53017144?
2452
Calculate the highest common divisor of 1620 and 1509615.
45
What is the highest common factor of 237 and 367203?
3
Calculate the highest common factor of 64 and 15213776.
16
Calculate the h